nd l.
7
Suppose -11*u - 82 = -5*y - 5*u, 2*y - u - 30 = 0. Calculate the highest common divisor of y and 490.
14
Let s = 2254 - 1902. What is the highest common factor of 66 and s?
22
Suppose 31*k - 36*k = -445. Suppose 4*s + s = -2*d + k, d = -2*s + 36. What is the greatest common factor of s and 68?
17
Let b(p) = 14*p - 200. Let a be b(15). What is the highest common divisor of 470 and a?
10
Let n(q) = 2*q - 6. Let a be n(5). Suppose 4*l - 12 = -f - 0*f, -4*l = a*f. What is the highest common divisor of l and 10?
2
Let f = 24 + -17. Suppose 5*o = f*o - 280. Let p = 106 - 86. What is the highest common factor of p and o?
20
Let l = 584 - 232. Let i = -242 + l. Suppose -4*n - n + 115 = -5*j, 0 = -5*n - 3*j + 107. Calculate the greatest common divisor of i and n.
22
Suppose 5*z = 2*u - 9, -6*z + 10*z - 54 = -2*u. Calculate the highest common divisor of u and 85.
17
Suppose 4 = 2*m, -3*g - 91 = -6*g + 4*m. What is the greatest common divisor of 352 and g?
11
Let l = -72 + 74. Suppose l*z - 258 = 2*x, -z + 35 = 4*x - 79. What is the greatest common factor of 14 and z?
14
Let u = -1053 - -1227. Calculate the greatest common divisor of u and 232.
58
Suppose u - 18 - 18 = -4*l, 5*l + 74 = 3*u. Let i be 8/u - 152/(-7). Suppose 4*v = -5 + 13. What is the highest common divisor of v and i?
2
Suppose 5*w - 711 = -r, 4*w - 100 = 4*r + 464. Suppose -742 = -5*o - w. What is the highest common divisor of 48 and o?
24
Suppose 3*y = 4*d + 372, 468 = 4*y - 3*d + 7*d. Let u = -36 - -51. Calculate the greatest common factor of u and y.
15
Let y(x) = x**2 - 37*x + 162. Let k be y(32). Let t = 60 - -134. Let c be t/4 - 1/k. Calculate the highest common divisor of c and 16.
16
Suppose -3*u = 15 - 21. Suppose -i + 12 = -3*f, 18 = i - 3*f - u*f. Let r = 5 - i. Calculate the highest common factor of 14 and r.
2
Let p(w) = -w**3 - 41*w**2 - 40*w + 22. Let v be p(-40). What is the highest common divisor of v and 8?
2
Let w be ((-88)/32)/((-2)/(-8)). Let n(i) = -i**3 - 10*i**2 + 9*i - 20. Let j be n(w). Calculate the highest common divisor of 5 and j.
1
Suppose 4*g = 4*w + 80, 41*g - 3*w + 100 = 46*g. Calculate the greatest common divisor of 15 and g.
5
Suppose -64 = 161*u - 165*u. Calculate the highest common divisor of 208 and u.
16
Let j be -2 + 4 + 52/6*3. What is the greatest common divisor of j and 476?
28
Let v be 161 + (-11)/44*-4. What is the greatest common divisor of v and 108?
54
Let o(m) = 18*m - 60. Let d be o(28). What is the highest common divisor of d and 333?
111
Suppose 6*j + 4*w = j + 267, -5*w = -j + 65. Suppose j = r - 22. Suppose -16 = -n - 5. What is the greatest common factor of r and n?
11
Let y = -178 - -180. What is the highest common factor of 26 and y?
2
Suppose -4*x + 176 = -0*x + 2*g, 4*x - 5*g - 176 = 0. What is the greatest common divisor of x and 132?
44
Let w = 85 + -9. What is the highest common factor of 19 and w?
19
Let w be (-12)/(-42) + (-363)/(-77). Suppose -5*q - 5 - 5 = 0. Let x be (-1 - q)/(2/40). What is the greatest common factor of x and w?
5
Let a = -348 - -376. Calculate the greatest common factor of a and 28.
28
Let f(w) = -4*w. Let i be f(-5). Suppose 0 = 3*b + 15, 11 = -0*p + 2*p + b. Calculate the highest common factor of i and p.
4
Let d = 66 + -58. Calculate the highest common factor of 20 and d.
4
Let k be 1185/12 - 3/4. Let o(c) = 3*c**2 - 14*c + 22. Let l be o(4). What is the highest common factor of k and l?
14
Suppose 0 = 88*j - 91*j - 3*t + 474, -2*t + 784 = 5*j. What is the highest common factor of j and 26?
26
Let q be (-54)/(-9)*(-14)/(-3). Let c = -25 + q. Suppose 0 = -3*j - c*t + 87, 5*t - 19 = 3*j - 66. What is the greatest common factor of 36 and j?
12
Let z = 182 - 172. Calculate the highest common divisor of z and 80.
10
Let q be (6/(-2))/((-1)/(-3)). Let b be 10 - 3*6/q. Suppose -3*l + 51 = -b. Calculate the greatest common divisor of 63 and l.
21
Let l(p) = 2*p**3 - 138*p**2 + 132*p + 279. Let b be l(68). Suppose -8 = -4*i, 2*s = 4*s + i - 240. Calculate the highest common factor of b and s.
7
Suppose 2*l - 12 = -0*l. Let p(q) = -q**2 + 11*q - 12. Let x be p(9). What is the highest common factor of l and x?
6
Suppose 18*x = 13*x - 10. Let h be ((-92)/(-6))/(x/(-3)). What is the highest common factor of h and 23?
23
Let w be 12/(-30) + 274/10. Let q be (0 + w/(-6))*40/(-3). What is the greatest common divisor of 24 and q?
12
Let f(r) = r**2 + 15*r + 17. Let h be f(-16). Let x(y) = -y**3 + 35*y**2 - 61*y - 13. Let d be x(h). Calculate the greatest common factor of 19 and d.
19
Let a = 443 + -398. What is the highest common divisor of 99 and a?
9
Let m be ((-312)/182)/(3/(-14)). What is the highest common factor of 16 and m?
8
Let j(w) = w**3 - 2*w**2 - 3*w + 4. Let q be j(5). Suppose -2*s = -28 - q. What is the greatest common divisor of s and 115?
23
Let m(w) = -w**2 - 15*w - 15. Let n be m(-6). Let a be ((-52)/5)/((6/15)/(-1)). Calculate the greatest common divisor of a and n.
13
Let n(l) = -l**3 - l**2 - l + 4. Let d be n(0). Suppose -4*m + d*t = -20 - 4, -5*t = 0. Calculate the greatest common factor of m and 66.
6
Suppose 39*a - 1050 = 14*a. What is the highest common factor of a and 28?
14
Let v be 44/6 - 2/(-3). Let j(s) = s**3 + 19*s**2 - 19*s + 36. Let c be j(-20). Calculate the highest common factor of v and c.
8
Let j(k) = k**2 - 10*k + 12. Let i be j(7). Let v = -3 - i. Calculate the greatest common factor of v and 54.
6
Suppose -20 = 4*h - 6*h. Suppose 13 = -2*n + 5*j, -n + 5*j + 7 = 26. Suppose n*w - w - 125 = 0. Calculate the highest common factor of h and w.
5
Suppose 0 = -7*m - 8 + 1. Let o(q) = -34*q**3 + q + 2. Let s be o(m). What is the highest common factor of 280 and s?
35
Let z(m) = -m**3 + 3*m**2 + 4*m - 3. Let s be z(2). Suppose 154*r = 149*r + 495. Calculate the greatest common factor of s and r.
9
Let d be ((-12)/(-14))/(-14 + (-39996)/(-2856)). Calculate the greatest common divisor of 48 and d.
12
Suppose 3*y - 365 = -j + 6*y, 1421 = 4*j + y. Calculate the highest common factor of j and 4.
4
Suppose 10*s = 4710 - 830. What is the greatest common factor of 485 and s?
97
Let r(j) = 2*j + 1. Let z(s) = 7*s - 1. Let x = 34 - 32. Let u be z(x). Let l be r(u). Calculate the highest common divisor of 9 and l.
9
Suppose 3*f - 8 = -2. Suppose -q + f = q, 2*q - 35 = -3*d. Suppose 5*z + 5*k = 505, 4*z = 3*k + 410 - 20. What is the highest common divisor of z and d?
11
Let q = 75 - 52. Let w = -13 + q. What is the highest common factor of w and 70?
10
Let y = 1047 - 261. Suppose -2*p + y = 4*k, -3*k - k + 780 = 4*p. Let n = -49 - -71. What is the highest common factor of k and n?
22
Let d(f) = 18*f - 115. Let o be d(9). Calculate the highest common divisor of 2 and o.
1
Let d(n) = -n + 21. Let q be d(0). Suppose -84 = -r - q. Suppose -r = -3*c + 9. What is the highest common divisor of c and 12?
12
Let l(q) = 2*q**2 + 7*q + 6. Let m be l(-5). Suppose -165 = -5*y - 5*r, 110*y + 25 = 111*y + 5*r. Calculate the greatest common factor of y and m.
7
Let p = -2278 - -2329. What is the highest common divisor of p and 34?
17
Suppose -22 = -f + 45*o - 41*o, 83 = 2*f + 5*o. Suppose 0 = -y + 9 + 8. Let l be -1*y/((-1)/1). Calculate the greatest common factor of l and f.
17
Let x = -13 + 7. Suppose -d = -6 + 1. Let z = d - x. Calculate the highest common factor of 11 and z.
11
Let q = 122 - 110. Calculate the highest common divisor of 1536 and q.
12
Let p be 9045/(-18)*4/(-6). What is the greatest common factor of p and 5?
5
Let u(c) = 2*c - 9. Let n be u(-5). Let v be ((-1)/2)/((-6)/(-36)) - n. What is the greatest common divisor of 64 and v?
16
Let q(x) = -x**3 + 6*x**2 - 3*x - 6. Let m be q(5). Calculate the greatest common divisor of m and 9.
1
Let d be (-10)/(-25) - (-136)/10. Suppose -d - 49 = -3*b. Calculate the greatest common divisor of 3 and b.
3
Let h = -26 + 29. Suppose h*p = 5 + 37. Calculate the highest common factor of 42 and p.
14
Let l = -191 + 227. Let j be -5*-18*(0 - -1). What is the highest common divisor of l and j?
18
Let g(l) = l - 3*l + 8 + l + 3*l**2 - 8*l. Let c be g(6). Suppose 3*q = -5*u + c, 2*u = -2*q - 3*u + 48. Calculate the highest common divisor of 2 and q.
2
Let l(k) = 5*k**2 + k - 4. Let j be l(-2). Calculate the highest common divisor of j and 77.
7
Let a